{"id":4105,"date":"2024-06-28T15:10:26","date_gmt":"2024-06-28T15:10:26","guid":{"rendered":"https:\/\/komsa.com.tr\/?page_id=4105"},"modified":"2024-07-05T13:19:31","modified_gmt":"2024-07-05T13:19:31","slug":"defleksiyon-olcumleri-fwd-ve-hwd-ile-analizi-ve-raporlanmasi","status":"publish","type":"page","link":"https:\/\/komsa.com.tr\/?page_id=4105","title":{"rendered":"Defleksiyon \u00d6l\u00e7\u00fcmleri (FWD ve HWD ile) Analizi ve Raporlanmas\u0131"},"content":{"rendered":"\t\t<div data-elementor-type=\"wp-page\" data-elementor-id=\"4105\" class=\"elementor elementor-4105\" data-elementor-post-type=\"page\">\n\t\t\t\t\t\t<section class=\"elementor-section elementor-top-section elementor-element elementor-element-365c362 elementor-section-boxed elementor-section-height-default elementor-section-height-default\" data-id=\"365c362\" data-element_type=\"section\">\n\t\t\t\t\t\t<div class=\"elementor-container elementor-column-gap-default\">\n\t\t\t\t\t<div class=\"elementor-column elementor-col-100 elementor-top-column elementor-element elementor-element-2349f6d\" data-id=\"2349f6d\" data-element_type=\"column\">\n\t\t\t<div class=\"elementor-widget-wrap elementor-element-populated\">\n\t\t\t\t\t\t<div class=\"elementor-element elementor-element-d28785c elementor-widget elementor-widget-heading\" data-id=\"d28785c\" data-element_type=\"widget\" data-widget_type=\"heading.default\">\n\t\t\t\t<div class=\"elementor-widget-container\">\n\t\t\t\t\t<h1 class=\"elementor-heading-title elementor-size-medium\">Defleksiyon \u00d6l\u00e7\u00fcmleri (FWD ve HWD ile) Analizi ve Raporlanmas\u0131<\/h1>\t\t\t\t<\/div>\n\t\t\t\t<\/div>\n\t\t\t\t\t<\/div>\n\t\t<\/div>\n\t\t\t\t\t<\/div>\n\t\t<\/section>\n\t\t\t\t<section class=\"elementor-section elementor-top-section elementor-element elementor-element-2162bf2 elementor-section-boxed elementor-section-height-default elementor-section-height-default\" data-id=\"2162bf2\" data-element_type=\"section\">\n\t\t\t\t\t\t<div class=\"elementor-container elementor-column-gap-default\">\n\t\t\t\t\t<div class=\"elementor-column elementor-col-100 elementor-top-column elementor-element elementor-element-2110aac\" data-id=\"2110aac\" data-element_type=\"column\">\n\t\t\t<div class=\"elementor-widget-wrap elementor-element-populated\">\n\t\t\t\t\t\t<div class=\"elementor-element elementor-element-39fd6b3 elementor-widget elementor-widget-text-editor\" data-id=\"39fd6b3\" data-element_type=\"widget\" data-widget_type=\"text-editor.default\">\n\t\t\t\t<div class=\"elementor-widget-container\">\n\t\t\t\t\t\t\t\t\t<h5>Karayolu \u00dcstyap\u0131lar\u0131 ve Havaalan\u0131 Kaplamalar\u0131n\u0131n yap\u0131sal dayan\u0131m\u0131n\u0131n belirlenmesi amac\u0131yla D\u00fc\u015fen A\u011f\u0131rl\u0131kl\u0131 Deflektometre ile tahribats\u0131z \u00f6l\u00e7\u00fcmler yap\u0131lmaktad\u0131r. Bu \u00f6l\u00e7\u00fcmlerden elde edilen veriler kullan\u0131larak kaplamalar\u0131n yap\u0131sal de\u011ferlendirmeleri yap\u0131lmakta ve sonu\u00e7lar\u0131 raporlanmaktad\u0131r.<\/h5><h5><strong>KOMSA<\/strong> taraf\u0131ndan yap\u0131lan t\u00fcm \u00f6l\u00e7\u00fcm ve analizler T\u00fcrkiye genelinde Deflektometre ile 12.000 km nin \u00fczerinde kesimde \u00f6l\u00e7\u00fcm ve analiz tecr\u00fcbesi olan m\u00fchendisler taraf\u0131ndan, Karayollar\u0131 Genel M\u00fcd\u00fcrl\u00fc\u011f\u00fc, ASTM, AASHTO \u015fartnamelerine uygun olarak yap\u0131lmaktad\u0131r.<\/h5><h5>Defleksiyon \u00d6l\u00e7\u00fcmleri ve Analizleri i\u00e7in Dynatest HWD (Y\u00fcksek A\u011f\u0131rl\u0131kl\u0131 D\u00fc\u015fen A\u011f\u0131rl\u0131kl\u0131 Deflektometre) tahribats\u0131z \u00f6l\u00e7\u00fcm cihaz\u0131 kullan\u0131lmaktad\u0131r.<\/h5>\t\t\t\t\t\t\t\t<\/div>\n\t\t\t\t<\/div>\n\t\t\t\t\t<\/div>\n\t\t<\/div>\n\t\t\t\t\t<\/div>\n\t\t<\/section>\n\t\t\t\t<section class=\"elementor-section elementor-top-section elementor-element elementor-element-5586777 elementor-section-boxed elementor-section-height-default elementor-section-height-default\" data-id=\"5586777\" data-element_type=\"section\">\n\t\t\t\t\t\t<div class=\"elementor-container elementor-column-gap-default\">\n\t\t\t\t\t<div class=\"elementor-column elementor-col-100 elementor-top-column elementor-element elementor-element-c4f21f9\" data-id=\"c4f21f9\" data-element_type=\"column\">\n\t\t\t<div class=\"elementor-widget-wrap elementor-element-populated\">\n\t\t\t\t\t\t<div class=\"elementor-element elementor-element-58a155b elementor-widget elementor-widget-image\" data-id=\"58a155b\" data-element_type=\"widget\" data-widget_type=\"image.default\">\n\t\t\t\t<div class=\"elementor-widget-container\">\n\t\t\t\t\t\t\t\t\t\t\t\t\t\t\t<img fetchpriority=\"high\" decoding=\"async\" width=\"605\" height=\"427\" src=\"https:\/\/komsa.com.tr\/wp-content\/uploads\/2024\/06\/Defleksiyon-Resim-1.png\" class=\"attachment-large size-large wp-image-4158\" alt=\"\" srcset=\"https:\/\/komsa.com.tr\/wp-content\/uploads\/2024\/06\/Defleksiyon-Resim-1.png 605w, https:\/\/komsa.com.tr\/wp-content\/uploads\/2024\/06\/Defleksiyon-Resim-1-300x212.png 300w\" sizes=\"(max-width: 605px) 100vw, 605px\" \/>\t\t\t\t\t\t\t\t\t\t\t\t\t\t\t<\/div>\n\t\t\t\t<\/div>\n\t\t\t\t\t<\/div>\n\t\t<\/div>\n\t\t\t\t\t<\/div>\n\t\t<\/section>\n\t\t\t\t<section class=\"elementor-section elementor-top-section elementor-element elementor-element-c5772d5 elementor-section-boxed elementor-section-height-default elementor-section-height-default\" data-id=\"c5772d5\" data-element_type=\"section\">\n\t\t\t\t\t\t<div class=\"elementor-container elementor-column-gap-default\">\n\t\t\t\t\t<div class=\"elementor-column elementor-col-100 elementor-top-column elementor-element elementor-element-0718776\" data-id=\"0718776\" data-element_type=\"column\">\n\t\t\t<div class=\"elementor-widget-wrap elementor-element-populated\">\n\t\t\t\t\t\t<div class=\"elementor-element elementor-element-a1962d2 elementor-widget elementor-widget-text-editor\" data-id=\"a1962d2\" data-element_type=\"widget\" data-widget_type=\"text-editor.default\">\n\t\t\t\t<div class=\"elementor-widget-container\">\n\t\t\t\t\t\t\t\t\t<h5>Bu \u00f6l\u00e7\u00fcmler D\u00fcnya Standartlar\u0131na ve Karayollar\u0131 mevzuatlar\u0131na uygun olarak D\u00fcnya \u00e7ap\u0131nda kullan\u0131lan profesyonel analiz yaz\u0131l\u0131mlar\u0131 ve <strong>KOMSA<\/strong> taraf\u0131ndan haz\u0131rlanm\u0131\u015f yaz\u0131l\u0131mlar\u0131n kullan\u0131lmas\u0131 ile analiz edilmektedir. Analiz edilen t\u00fcm veriler <strong>KOMSA<\/strong> analiz m\u00fchendisleri taraf\u0131ndan incelenerek de\u011ferlendirilir ve Karayollar\u0131 \u015eartnamelerine uygun raporlar haz\u0131rlan\u0131r. Karayollar\u0131 Genel M\u00fcd\u00fcrl\u00fc\u011f\u00fc\u2019nde kullan\u0131lacak analiz programlar\u0131 da KGM i\u00e7in \u00f6zel olarak <strong>KOMSA<\/strong> taraf\u0131ndan geli\u015ftirilmektedir.<\/h5><h5>FWD dinamik y\u00fcklemeyi \u00fcstyap\u0131ya aktar\u0131r, hareketli teker y\u00fck\u00fcn\u00fc simule eder, \u00fcstyap\u0131n\u0131n defleksiyonunu \u00f6l\u00e7er. HWD ile 30 \u2013 320 kN aral\u0131\u011f\u0131nda ayarlanabilen y\u00fck kaplama \u00fczerine b\u0131rak\u0131larak belirli uzakl\u0131ktaki defleksiyonlar bir kiri\u015f \u00fczerinde bulunan jeofonlar yard\u0131m\u0131 ile \u00f6l\u00e7\u00fcl\u00fcr. Y\u00fckleme etki b\u00f6lgesinden jeofonlar yard\u0131m\u0131yla toplanan sinyaller; en y\u00fcksek defleksiyonlar\u0131n se\u00e7ilip bilgisayar belle\u011fine kaydedilmesini sa\u011flayan sistem i\u015flemcilerine iletilir. Ara\u00e7 i\u00e7ine montelenmi\u015f monit\u00f6r ve test kontrol sistemlerini i\u00e7eren bilgisayar sayesinde bu veriler \u00f6l\u00e7\u00fcm an\u0131nda kontrol edilebilir ve kaydedilebilir.<\/h5>\t\t\t\t\t\t\t\t<\/div>\n\t\t\t\t<\/div>\n\t\t\t\t\t<\/div>\n\t\t<\/div>\n\t\t\t\t\t<\/div>\n\t\t<\/section>\n\t\t\t\t<section class=\"elementor-section elementor-top-section elementor-element elementor-element-626385e elementor-section-boxed elementor-section-height-default elementor-section-height-default\" data-id=\"626385e\" data-element_type=\"section\">\n\t\t\t\t\t\t<div class=\"elementor-container elementor-column-gap-default\">\n\t\t\t\t\t<div class=\"elementor-column elementor-col-100 elementor-top-column elementor-element elementor-element-e892525\" data-id=\"e892525\" data-element_type=\"column\">\n\t\t\t<div class=\"elementor-widget-wrap elementor-element-populated\">\n\t\t\t\t\t\t<div class=\"elementor-element elementor-element-8a29cd2 elementor-widget elementor-widget-image\" data-id=\"8a29cd2\" data-element_type=\"widget\" data-widget_type=\"image.default\">\n\t\t\t\t<div class=\"elementor-widget-container\">\n\t\t\t\t\t\t\t\t\t\t\t\t\t\t\t<img decoding=\"async\" width=\"800\" height=\"428\" src=\"https:\/\/komsa.com.tr\/wp-content\/uploads\/2024\/06\/Defleksiyon-Resim-2.png\" class=\"attachment-large size-large wp-image-4159\" alt=\"\" srcset=\"https:\/\/komsa.com.tr\/wp-content\/uploads\/2024\/06\/Defleksiyon-Resim-2.png 1003w, https:\/\/komsa.com.tr\/wp-content\/uploads\/2024\/06\/Defleksiyon-Resim-2-300x160.png 300w, https:\/\/komsa.com.tr\/wp-content\/uploads\/2024\/06\/Defleksiyon-Resim-2-768x410.png 768w\" sizes=\"(max-width: 800px) 100vw, 800px\" \/>\t\t\t\t\t\t\t\t\t\t\t\t\t\t\t<\/div>\n\t\t\t\t<\/div>\n\t\t\t\t\t<\/div>\n\t\t<\/div>\n\t\t\t\t\t<\/div>\n\t\t<\/section>\n\t\t\t\t<section class=\"elementor-section elementor-top-section elementor-element elementor-element-aa1dd8a elementor-section-boxed elementor-section-height-default elementor-section-height-default\" data-id=\"aa1dd8a\" data-element_type=\"section\">\n\t\t\t\t\t\t<div class=\"elementor-container elementor-column-gap-default\">\n\t\t\t\t\t<div class=\"elementor-column elementor-col-100 elementor-top-column elementor-element elementor-element-c486243\" data-id=\"c486243\" data-element_type=\"column\">\n\t\t\t<div class=\"elementor-widget-wrap\">\n\t\t\t\t\t\t\t<\/div>\n\t\t<\/div>\n\t\t\t\t\t<\/div>\n\t\t<\/section>\n\t\t\t\t<section class=\"elementor-section elementor-top-section elementor-element elementor-element-17014a3 elementor-section-boxed elementor-section-height-default elementor-section-height-default\" data-id=\"17014a3\" data-element_type=\"section\">\n\t\t\t\t\t\t<div class=\"elementor-container elementor-column-gap-default\">\n\t\t\t\t\t<div class=\"elementor-column elementor-col-100 elementor-top-column elementor-element elementor-element-f15b6ab\" data-id=\"f15b6ab\" data-element_type=\"column\">\n\t\t\t<div class=\"elementor-widget-wrap elementor-element-populated\">\n\t\t\t\t\t\t<div class=\"elementor-element elementor-element-afbd585 elementor-widget elementor-widget-image\" data-id=\"afbd585\" data-element_type=\"widget\" data-widget_type=\"image.default\">\n\t\t\t\t<div class=\"elementor-widget-container\">\n\t\t\t\t\t\t\t\t\t\t\t\t\t\t\t<img decoding=\"async\" width=\"800\" height=\"449\" src=\"https:\/\/komsa.com.tr\/wp-content\/uploads\/2024\/06\/Resim3.png\" class=\"attachment-large size-large wp-image-4160\" alt=\"\" srcset=\"https:\/\/komsa.com.tr\/wp-content\/uploads\/2024\/06\/Resim3.png 940w, https:\/\/komsa.com.tr\/wp-content\/uploads\/2024\/06\/Resim3-300x169.png 300w, https:\/\/komsa.com.tr\/wp-content\/uploads\/2024\/06\/Resim3-768x431.png 768w\" sizes=\"(max-width: 800px) 100vw, 800px\" \/>\t\t\t\t\t\t\t\t\t\t\t\t\t\t\t<\/div>\n\t\t\t\t<\/div>\n\t\t\t\t\t<\/div>\n\t\t<\/div>\n\t\t\t\t\t<\/div>\n\t\t<\/section>\n\t\t\t\t<section class=\"elementor-section elementor-top-section elementor-element elementor-element-13d7771 elementor-section-boxed elementor-section-height-default elementor-section-height-default\" data-id=\"13d7771\" data-element_type=\"section\">\n\t\t\t\t\t\t<div class=\"elementor-container elementor-column-gap-default\">\n\t\t\t\t\t<div class=\"elementor-column elementor-col-100 elementor-top-column elementor-element elementor-element-aace2ea\" data-id=\"aace2ea\" data-element_type=\"column\">\n\t\t\t<div class=\"elementor-widget-wrap elementor-element-populated\">\n\t\t\t\t\t\t<div class=\"elementor-element elementor-element-01c6a6d elementor-widget elementor-widget-text-editor\" data-id=\"01c6a6d\" data-element_type=\"widget\" data-widget_type=\"text-editor.default\">\n\t\t\t\t<div class=\"elementor-widget-container\">\n\t\t\t\t\t\t\t\t\t<p style=\"text-align: center;\"><em>KOMSA HWD Jeofonlar\u0131<\/em><\/p>\t\t\t\t\t\t\t\t<\/div>\n\t\t\t\t<\/div>\n\t\t\t\t\t<\/div>\n\t\t<\/div>\n\t\t\t\t\t<\/div>\n\t\t<\/section>\n\t\t\t\t<section class=\"elementor-section elementor-top-section elementor-element elementor-element-f423f65 elementor-section-boxed elementor-section-height-default elementor-section-height-default\" data-id=\"f423f65\" data-element_type=\"section\">\n\t\t\t\t\t\t<div class=\"elementor-container elementor-column-gap-default\">\n\t\t\t\t\t<div class=\"elementor-column elementor-col-100 elementor-top-column elementor-element elementor-element-7ea1ff4\" data-id=\"7ea1ff4\" data-element_type=\"column\">\n\t\t\t<div class=\"elementor-widget-wrap elementor-element-populated\">\n\t\t\t\t\t\t<div class=\"elementor-element elementor-element-718ce00 elementor-widget elementor-widget-text-editor\" data-id=\"718ce00\" data-element_type=\"widget\" data-widget_type=\"text-editor.default\">\n\t\t\t\t<div class=\"elementor-widget-container\">\n\t\t\t\t\t\t\t\t\t<h5>Beton ve asfalt kaplamalarda kullan\u0131labilen <strong>KOMSA<\/strong> HWD Cihaz\u0131 ASTM D 4694 standard\u0131na uygun olarak \u00f6l\u00e7\u00fcm yapmaktad\u0131r. Ayr\u0131ca HWD \u00fcstyap\u0131 y\u00f6netim sistemlerinde, \u00fcstyap\u0131 bak\u0131m, onar\u0131m ve takviye tasar\u0131mlar\u0131nda da kullan\u0131l\u0131r.<\/h5><h5>\u00a0Y\u00fckleme belirli bir frekansta ve zaman aral\u0131\u011f\u0131nda yap\u0131l\u0131r. HWD taraf\u0131ndan uygulanan darbe etkisi, y\u00fck uygulama s\u00fcreleri \u00e7ok farkl\u0131 olsa bile, standart dingil y\u00fcklerinin olu\u015fturdu\u011fu etkiye son derece yak\u0131nd\u0131r ve di\u011fer tahribats\u0131z test y\u00f6ntemlerinden (NDT) \u00a0daha ba\u015far\u0131l\u0131 sonu\u00e7lar vermektedir.<\/h5><h5>Elde edilen sonu\u00e7 y\u00fczey defleksiyonlar\u0131, y\u00fck\u00fcn merkezinden artan radyal mesafelerde yerle\u015ftirilen sens\u00f6rler yard\u0131m\u0131yla \u00f6l\u00e7\u00fcl\u00fcr ve y\u00fczey defleksiyon profili (deflection bowl) belirlenir. Y\u00fczey defleksiyon profilinin t\u00fcm karakteristikleri \u00fcstyap\u0131n\u0131n ger\u00e7ek durumunu yans\u0131t\u0131r.<\/h5><h5>Elde edilen defleksiyon e\u011frilerinden geri hesaplama (Back calculation) i\u015flemleri sonras\u0131 her tabaka i\u00e7in ayr\u0131 ayr\u0131 gerilmeler hesaplanmaktad\u0131r. Elde edilen veriler kullan\u0131larak Tabaka Mod\u00fclleri bulunmaktad\u0131r.<\/h5><h5>Tabaka mod\u00fcllerine g\u00f6re mevcut \u00fcstyap\u0131 yap\u0131sal numaras\u0131 hesaplanmaktad\u0131r. Projeksiyon y\u0131l\u0131, mevcut trafik miktar\u0131 ve olas\u0131 trafik art\u0131\u015f miktar\u0131 g\u00f6z \u00f6n\u00fcnde bulundurularak hesaplanan gerekli \u00fcstyap\u0131 yap\u0131sal numaras\u0131 ile hesaplanan mevcut \u00fcstyap\u0131 yap\u0131sal numaras\u0131n\u0131n fark\u0131ndan ise gerekli takviye kal\u0131nl\u0131\u011f\u0131 bulunmaktad\u0131r.<\/h5><h5>Geri hesaplama (Back calculation) ve takviye kal\u0131nl\u0131\u011f\u0131 hesaplama a\u015famalar\u0131 <strong>KOMSA<\/strong>\u2019n\u0131n uzman m\u00fchendisleri taraf\u0131ndan AASHTO Metodu kullan\u0131larak yap\u0131lmaktad\u0131r. Yap\u0131lan t\u00fcm analiz ve de\u011ferlendirmeler uluslararas\u0131 \u015fartnamelere ve Karayollar\u0131 Genel M\u00fcd\u00fcrl\u00fc\u011f\u00fc mevzuatlar\u0131na uygun olarak yap\u0131lmaktad\u0131r.<\/h5>\t\t\t\t\t\t\t\t<\/div>\n\t\t\t\t<\/div>\n\t\t\t\t\t<\/div>\n\t\t<\/div>\n\t\t\t\t\t<\/div>\n\t\t<\/section>\n\t\t\t\t<section class=\"elementor-section elementor-top-section elementor-element elementor-element-9b5e0fa elementor-section-boxed elementor-section-height-default elementor-section-height-default\" data-id=\"9b5e0fa\" data-element_type=\"section\">\n\t\t\t\t\t\t<div class=\"elementor-container elementor-column-gap-default\">\n\t\t\t\t\t<div class=\"elementor-column elementor-col-100 elementor-top-column elementor-element elementor-element-65321f0\" data-id=\"65321f0\" data-element_type=\"column\">\n\t\t\t<div class=\"elementor-widget-wrap elementor-element-populated\">\n\t\t\t\t\t\t<div class=\"elementor-element elementor-element-4e8ff48 elementor-widget elementor-widget-image\" data-id=\"4e8ff48\" data-element_type=\"widget\" data-widget_type=\"image.default\">\n\t\t\t\t<div class=\"elementor-widget-container\">\n\t\t\t\t\t\t\t\t\t\t\t\t\t\t\t<img loading=\"lazy\" decoding=\"async\" width=\"800\" height=\"340\" src=\"https:\/\/komsa.com.tr\/wp-content\/uploads\/2024\/06\/Resim4.png\" class=\"attachment-large size-large wp-image-4161\" alt=\"\" srcset=\"https:\/\/komsa.com.tr\/wp-content\/uploads\/2024\/06\/Resim4.png 867w, https:\/\/komsa.com.tr\/wp-content\/uploads\/2024\/06\/Resim4-300x127.png 300w, https:\/\/komsa.com.tr\/wp-content\/uploads\/2024\/06\/Resim4-768x326.png 768w\" sizes=\"(max-width: 800px) 100vw, 800px\" \/>\t\t\t\t\t\t\t\t\t\t\t\t\t\t\t<\/div>\n\t\t\t\t<\/div>\n\t\t\t\t\t<\/div>\n\t\t<\/div>\n\t\t\t\t\t<\/div>\n\t\t<\/section>\n\t\t\t\t<section class=\"elementor-section elementor-top-section elementor-element elementor-element-8cac60b elementor-section-boxed elementor-section-height-default elementor-section-height-default\" data-id=\"8cac60b\" data-element_type=\"section\">\n\t\t\t\t\t\t<div class=\"elementor-container elementor-column-gap-default\">\n\t\t\t\t\t<div class=\"elementor-column elementor-col-100 elementor-top-column elementor-element elementor-element-2509ebc\" data-id=\"2509ebc\" data-element_type=\"column\">\n\t\t\t<div class=\"elementor-widget-wrap elementor-element-populated\">\n\t\t\t\t\t\t<div class=\"elementor-element elementor-element-a46f154 elementor-widget elementor-widget-text-editor\" data-id=\"a46f154\" data-element_type=\"widget\" data-widget_type=\"text-editor.default\">\n\t\t\t\t<div class=\"elementor-widget-container\">\n\t\t\t\t\t\t\t\t\t<p style=\"text-align: center;\"><em>KOMSA Gerilme ve Tabaka Mod\u00fcl\u00fc Analizleri<\/em><\/p>\t\t\t\t\t\t\t\t<\/div>\n\t\t\t\t<\/div>\n\t\t\t\t<div class=\"elementor-element elementor-element-886a976 elementor-widget elementor-widget-spacer\" data-id=\"886a976\" data-element_type=\"widget\" data-widget_type=\"spacer.default\">\n\t\t\t\t<div class=\"elementor-widget-container\">\n\t\t\t\t\t\t\t<div class=\"elementor-spacer\">\n\t\t\t<div class=\"elementor-spacer-inner\"><\/div>\n\t\t<\/div>\n\t\t\t\t\t\t<\/div>\n\t\t\t\t<\/div>\n\t\t\t\t\t<\/div>\n\t\t<\/div>\n\t\t\t\t\t<\/div>\n\t\t<\/section>\n\t\t\t\t<\/div>\n\t\t","protected":false},"excerpt":{"rendered":"<p>Defleksiyon \u00d6l\u00e7\u00fcmleri (FWD ve HWD ile) Analizi ve Raporlanmas\u0131 Karayolu \u00dcstyap\u0131lar\u0131 ve Havaalan\u0131 Kaplamalar\u0131n\u0131n yap\u0131sal dayan\u0131m\u0131n\u0131n belirlenmesi amac\u0131yla D\u00fc\u015fen A\u011f\u0131rl\u0131kl\u0131 Deflektometre ile tahribats\u0131z \u00f6l\u00e7\u00fcmler yap\u0131lmaktad\u0131r. Bu \u00f6l\u00e7\u00fcmlerden elde edilen veriler kullan\u0131larak kaplamalar\u0131n yap\u0131sal de\u011ferlendirmeleri yap\u0131lmakta ve sonu\u00e7lar\u0131 raporlanmaktad\u0131r. KOMSA taraf\u0131ndan yap\u0131lan t\u00fcm \u00f6l\u00e7\u00fcm ve analizler T\u00fcrkiye genelinde Deflektometre ile 12.000 km nin \u00fczerinde kesimde \u00f6l\u00e7\u00fcm [&hellip;]<\/p>\n","protected":false},"author":2,"featured_media":0,"parent":0,"menu_order":0,"comment_status":"closed","ping_status":"closed","template":"","meta":{"footnotes":""},"class_list":["post-4105","page","type-page","status-publish","hentry"],"_links":{"self":[{"href":"https:\/\/komsa.com.tr\/index.php?rest_route=\/wp\/v2\/pages\/4105","targetHints":{"allow":["GET"]}}],"collection":[{"href":"https:\/\/komsa.com.tr\/index.php?rest_route=\/wp\/v2\/pages"}],"about":[{"href":"https:\/\/komsa.com.tr\/index.php?rest_route=\/wp\/v2\/types\/page"}],"author":[{"embeddable":true,"href":"https:\/\/komsa.com.tr\/index.php?rest_route=\/wp\/v2\/users\/2"}],"replies":[{"embeddable":true,"href":"https:\/\/komsa.com.tr\/index.php?rest_route=%2Fwp%2Fv2%2Fcomments&post=4105"}],"version-history":[{"count":22,"href":"https:\/\/komsa.com.tr\/index.php?rest_route=\/wp\/v2\/pages\/4105\/revisions"}],"predecessor-version":[{"id":5122,"href":"https:\/\/komsa.com.tr\/index.php?rest_route=\/wp\/v2\/pages\/4105\/revisions\/5122"}],"wp:attachment":[{"href":"https:\/\/komsa.com.tr\/index.php?rest_route=%2Fwp%2Fv2%2Fmedia&parent=4105"}],"curies":[{"name":"wp","href":"https:\/\/api.w.org\/{rel}","templated":true}]}}